21 is divided by 66.
65
What is the remainder when 73 is divided by 3?
1
Calculate the remainder when 6757 is divided by 26.
23
What is the remainder when 275 is divided by 12?
11
Calculate the remainder when 1606 is divided by 36.
22
What is the remainder when 4629 is divided by 193?
190
What is the remainder when 163 is divided by 66?
31
Calculate the remainder when 1073 is divided by 43.
41
What is the remainder when 143 is divided by 32?
15
What is the remainder when 90 is divided by 31?
28
Calculate the remainder when 848 is divided by 280.
8
What is the remainder when 1742 is divided by 147?
125
Calculate the remainder when 323 is divided by 77.
15
What is the remainder when 1492 is divided by 484?
40
What is the remainder when 1397 is divided by 142?
119
What is the remainder when 43858 is divided by 43?
41
Calculate the remainder when 53 is divided by 2.
1
Calculate the remainder when 1389 is divided by 139.
138
Calculate the remainder when 967 is divided by 17.
15
Calculate the remainder when 237 is divided by 24.
21
Calculate the remainder when 38608 is divided by 22.
20
What is the remainder when 1779 is divided by 27?
24
What is the remainder when 170 is divided by 58?
54
Calculate the remainder when 25 is divided by 11.
3
What is the remainder when 97 is divided by 51?
46
What is the remainder when 198 is divided by 94?
10
Calculate the remainder when 540 is divided by 109.
104
Calculate the remainder when 3738 is divided by 29.
26
What is the remainder when 1909 is divided by 39?
37
Calculate the remainder when 475 is divided by 17.
16
Calculate the remainder when 474 is divided by 28.
26
What is the remainder when 1708 is divided by 57?
55
What is the remainder when 544 is divided by 78?
76
What is the remainder when 31360 is divided by 153?
148
What is the remainder when 113 is divided by 38?
37
What is the remainder when 175 is divided by 8?
7
What is the remainder when 276 is divided by 129?
18
Calculate the remainder when 249 is divided by 30.
9
Calculate the remainder when 669 is divided by 136.
125
What is the remainder when 1997 is divided by 664?
5
What is the remainder when 6583 is divided by 5?
3
Calculate the remainder when 168 is divided by 147.
21
What is the remainder when 13522 is divided by 12?
10
Calculate the remainder when 290 is divided by 19.
5
What is the remainder when 56 is divided by 33?
23
Calculate the remainder when 251 is divided by 52.
43
What is the remainder when 608 is divided by 47?
44
What is the remainder when 543 is divided by 26?
23
Calculate the remainder when 5191 is divided by 53.
50
Calculate the remainder when 3287 is divided by 126.
11
Calculate the remainder when 182 is divided by 6.
2
What is the remainder when 849 is divided by 168?
9
Calculate the remainder when 247 is divided by 62.
61
Calculate the remainder when 1251 is divided by 54.
9
What is the remainder when 38 is divided by 8?
6
What is the remainder when 1181 is divided by 32?
29
Calculate the remainder when 119 is divided by 10.
9
What is the remainder when 7589 is divided by 23?
22
What is the remainder when 5537 is divided by 4?
1
Calculate the remainder when 609 is divided by 22.
15
What is the remainder when 142 is divided by 36?
34
Calculate the remainder when 2041 is divided by 73.
70
Calculate the remainder when 782 is divided by 87.
86
What is the remainder when 728 is divided by 147?
140
Calculate the remainder when 1765 is divided by 136.
133
What is the remainder when 913 is divided by 126?
31
What is the remainder when 2131 is divided by 39?
25
What is the remainder when 293 is divided by 31?
14
Calculate the remainder when 80 is divided by 24.
8
Calculate the remainder when 66 is divided by 17.
15
Calculate the remainder when 516 is divided by 104.
100
What is the remainder when 2894 is divided by 24?
14
What is the remainder when 18 is divided by 15?
3
Calculate the remainder when 727 is divided by 81.
79
What is the remainder when 2370 is divided by 82?
74
Calculate the remainder when 548 is divided by 105.
23
Calculate the remainder when 68 is divided by 14.
12
Calculate the remainder when 2768 is divided by 27.
14
Calculate the remainder when 373 is divided by 16.
5
What is the remainder when 119 is divided by 15?
14
Calculate the remainder when 151 is divided by 42.
25
What is the remainder when 737 is divided by 37?
34
What is the remainder when 162 is divided by 87?
75
Calculate the remainder when 9038 is divided by 113.
111
What is the remainder when 503 is divided by 69?
20
Calculate the remainder when 268 is divided by 92.
84
Calculate the remainder when 239 is divided by 27.
23
Calculate the remainder when 234 is divided by 113.
8
What is the remainder when 981 is divided by 41?
38
What is the remainder when 166 is divided by 26?
10
Calculate the remainder when 207 is divided by 22.
9
What is the remainder when 29 is divided by 28?
1
What is the remainder when 778 is divided by 78?
76
What is the remainder when 3022 is divided by 25?
22
Calculate the remainder when 610 is divided by 117.
25
Calculate the remainder when 2850 is divided by 2847.
3
What is the remainder when 859 is divided by 212?
11
Calculate the remainder when 4070 is divided by 3.
2
Calculate the remainder when 6818 is divided by 341.
339
Calculate the remainder when 171 is divided by 41.
7
Calculate the remainder when 595 is divided by 121.
111
Calculate the remainder when 526 is divided by 110.
86
What is the remainder when 259 is divided by 27?
16
Calculate the remainder when 147 is divided by 26.
17
Calculate the remainder when 630 is divided by 161.
147
Calculate the remainder when 158 is divided by 16.
14
Calculate the remainder when 1945 is divided by 78.
73
What is the remainder when 118 is divided by 17?
16
Calculate the remainder when 49341 is divided by 355.
351
What is the remainder when 483 is divided by 99?
87
What is the remainder when 65 is divided by 33?
32
What is the remainder when 1806 is divided by 18?
6
Calculate the remainder when 296 is divided by 33.
32
What is the remainder when 9742 is divided by 84?
82
What is the remainder when 61 is divided by 46?
15
What is the remainder when 510 is divided by 86?
80
Calculate the remainder when 8278 is divided by 17.
16
What is the remainder when 679 is divided by 20?
19
Calculate the remainder when 847 is divided by 8.
7
Calculate the remainder when 769 is divided by 205.
154
What is the remainder when 2627 is divided by 36?
35
What is the remainder when 15206 is divided by 8?
6
What is the remainder when 10577 is divided by 3?
2
What is the remainder when 2914 is divided by 54?
52
What is the remainder when 2334 is divided by 32?
30
Calculate the remainder when 955 is divided by 15.
10
What is the remainder when 44054 is divided by 33?
32
Calculate the remainder when 975 is divided by 48.
15
Calculate the remainder when 64 is divided by 22.
20
What is the remainder when 170 is divided by 97?
73
Calculate the remainder when 14412 is divided by 8.
4
What is the remainder when 7854 is divided by 97?
94
Calculate the remainder when 168 is divided by 44.
36
Calculate the remainder when 121 is divided by 42.
37
Calculate the remainder when 178 is divided by 90.
88
What is the remainder when 186 is divided by 11?
10
What is the remainder when 249 is divided by 106?
37
Calculate the remainder when 399 is divided by 25.
24
What is the remainder when 268 is divided by 27?
25
Calculate the remainder when 116 is divided by 20.
16
What is the remainder when 717 is divided by 72?
69
Calculate the remainder when 12082 is divided by 76.
74
What is the remainder when 655 is divided by 47?
44
What is the remainder when 126 is divided by 7?
0
Calculate the remainder when 152 is divided by 66.
20
Calculate the remainder when 556 is divided by 141.
133
Calculate the remainder when 297 is divided by 23.
21
What is the remainder when 2950 is divided by 20?
10
What is the remainder when 433 is divided by 86?
3
Calculate the remainder when 714 is divided by 339.
36
What is the remainder when 619 is divided by 5?
4
What is the remainder when 636 is divided by 302?
32
Calculate the remainder when 50 is divided by 26.
24
What is the remainder when 644 is divided by 52?
20
What is the re